 Suppose 5 - x = -h. What is the units digit of h?
1
Let t(i) be the third derivative of -i**5/60 - i**4/24 + 2*i**3/3 - 5*i**2. Let h be t(-7). Let g = 53 + h. What is the units digit of g?
5
Let v = -42 + 47. Suppose -2*j = -4*k + 3*j + 599, v*j - 181 = -k. What is the hundreds digit of k?
1
Let u(k) = k**2 - 14*k + 4. Let t be u(14). Suppose t*r + 5 = -15. Let d = 3 - r. What is the units digit of d?
8
Suppose -4*d - i = d - 8, d + i = 0. What is the units digit of (570/(-20))/((-1)/d)?
7
Let a(f) = 9 - 3 - f + 0*f + 16. Let o be a(10). What is the units digit of o/18 + (-118)/(-3)?
0
What is the units digit of (-3 + (-155 - -12))/(2/(-20))?
0
Let f(h) = 2*h**3 - 11*h**2 + 9*h - 16. Let n be f(5). Suppose 5*v - 695 = -3*p + 3*v, 5*v = n*p - 942. What is the tens digit of p?
3
Let v = -328 + 649. What is the units digit of v?
1
Suppose 2*j = 38 + 84. Suppose -v + 16 = -j. What is the tens digit of v?
7
Suppose -5*a - 7 = 2*a. What is the units digit of 0 - (2 + 85)*a?
7
Suppose -5*u + u - 344 = -p, 0 = u - 1. Let w = p - 195. What is the units digit of w?
3
Let v = 115 - 60. Suppose 0*j - j = 2*y - 61, 0 = 2*y + 3*j - v. What is the tens digit of y?
3
Suppose -3989 = -2*i + 3*a, 1989 = i - 2*a + 6*a. What is the thousands digit of i?
1
Suppose -2698 = 23*j - 13485. What is the units digit of j?
9
Suppose 9*p - 6*p - 66 = 0. Suppose -5*q + x = 98, 3*x + p = -4*q - 64. What is the units digit of ((-292)/q - 4)*5?
3
Let y be (-18410)/(-63) - 2 - 2/9. Let v = y - 123. What is the hundreds digit of v?
1
Let i(k) = 3*k**2 + 5*k - 50. What is the tens digit of i(-11)?
5
Let n(w) = 2 + w**2 - w - 3*w + 9*w**2. Let x be n(3). Suppose -x = r - 3*r. What is the units digit of r?
0
Let x = 96 + -207. What is the units digit of 6 + -5 + 1/(-1)*x?
2
Let r be -2 - ((-1 - 7) + 1). Let m(l) = -8 - 6*l**3 + 3*l - 5*l**2 - l + 7*l**3 + 6. What is the units digit of m(r)?
8
Suppose 0 = r + 9 - 4. What is the tens digit of 84 - r - (2 - 0)?
8
What is the units digit of 89 - (88/(-66) + (-2)/3)?
1
What is the units digit of -6 + (21/147 - (-22160)/14)?
7
Suppose w + 205 = 3*u, 412 + 613 = -5*w - 5*u. Let q = -74 - w. What is the hundreds digit of q?
1
Suppose 24 = 4*j + 2*n, -2*j + 3*n + 6 = -j. Suppose -s = -12 - j. Let c = s - 10. What is the units digit of c?
8
Let n(q) = 2*q**3 + 3*q**2 + q + 5. Suppose 0 = d + 5*b - 29, -3*d = -0*d - b - 7. What is the tens digit of n(d)?
8
Let b = 604 - 188. What is the hundreds digit of b?
4
Suppose 22*j = 19*j + 39. Let y(l) = 18*l - 36. What is the hundreds digit of y(j)?
1
Let v(p) = -p**3 + 8*p**2 + 9*p + 2. Let u(k) = 2*k**3 - 15*k**2 - 17*k - 3. Let q(y) = 3*u(y) + 5*v(y). What is the units digit of q(6)?
1
Let b = -2190 + 3516. What is the hundreds digit of b?
3
Suppose 0 = 4*w - 6*w + 228. Suppose -4*h + 298 = w. Let o = h + 16. What is the tens digit of o?
6
Let p = 64 - 73. What is the tens digit of (-9)/p - 336/(-2)?
6
Let o = 4154 + -2172. What is the units digit of o?
2
Let j(t) = 2*t**3 - 8*t**2 - 16*t - 1. Let w(v) = v**3 - 4*v**2 - 8*v - 1. Let l(b) = -4*j(b) + 7*w(b). What is the units digit of l(-4)?
3
Suppose 5*i - 3*i = 4. Suppose -q - 7 = -4*u, i*u - 4*q - 2 = -u. What is the units digit of u?
2
Let q be -1 - 1934*2/(-4). What is the units digit of (-2)/(-11) + (-11)/((-121)/q)?
8
Let v be (-96)/(-18)*(-15)/(-4). Suppose -5*p = j - 36 - 12, p - 5*j = v. Suppose 3*g = 3*u - g - 63, -5*g - p = -u. What is the units digit of u?
5
Suppose 3047 = 6*q - 3367. What is the tens digit of q?
6
Let i(n) = 3*n**2 + 26*n - 6. Let c be i(-9). Suppose -2*d = -3*q - 7, -c*q + 10 = 1. What is the units digit of d?
8
Suppose -9*l + 898 = -56. What is the units digit of l?
6
Suppose 4*u = x + 162, u - 8*x + 5*x - 46 = 0. What is the tens digit of u?
4
Let n(p) = 12*p - 57. Let a be n(5). Suppose 5*d - 1238 = a*v, 3*v = -4 + 1. What is the units digit of d?
7
Suppose 8*c - 17*c + 26604 = 0. What is the thousands digit of c?
2
Suppose -2*x = -2*u - 0*u + 12262, -5*u + 3*x + 30653 = 0. What is the units digit of u?
0
Suppose 3*f - 3 = 3*j, 2*f + 14 = -5*j + 2. Let x = j - -2. Suppose -14*i + 19*i - 150 = x. What is the tens digit of i?
3
Let x(c) = -12*c + 40. Let s be x(11). Let t = 101 - s. What is the tens digit of t?
9
Suppose 8*g = 92 + 92. Suppose -3*z - 52 = 3*m + 2*z, -2*m = 3*z + 33. Let w = m + g. What is the tens digit of w?
1
Suppose 6*a - 11*a + 10 = 0, -4*v - a = -3430. What is the tens digit of v?
5
Let t(u) = 578*u**2 + 2*u. Let g be t(-1). Suppose 4*q - g = -2*o, -q - 3*q + 580 = 3*o. What is the tens digit of q?
4
Let l = 3 + 1. Suppose 110 = 3*v - 2*c, -6*v - 2*c + 194 = -v. Suppose -l*u + v = 2*f, 0*f + 22 = f + 3*u. What is the units digit of f?
3
Suppose -26 = 4*p - 18, -5*a + 2*p = -1179. What is the units digit of a?
5
Let o(f) = f**2 + 24*f - 11. Let v be o(-29). Let x = v + -58. What is the tens digit of x?
7
Suppose g - 5*y = 880, 5*y - 1060 = -2*g + 655. What is the tens digit of g?
6
Suppose -24*u + 27*u = 870. What is the units digit of u?
0
What is the tens digit of -2 + (-3 - -274) - (-5 + 8)?
6
Let w(z) be the second derivative of 0*z**2 + 0 - 14*z - 17/6*z**3. What is the tens digit of w(-3)?
5
Suppose -2*o = -0*o - 158. What is the tens digit of o?
7
Suppose 3*g + 19 = -6*y + 2*y, 5*y + 19 = g. What is the units digit of 1/(-4) - (2691/y)/3?
4
Let f(k) = -41*k - 2*k**2 - 12 + k**2 + 32*k. Let n be f(-7). Suppose 0 = n*u + 5*c - 83 - 64, 267 = 4*u + c. What is the units digit of u?
6
Suppose q + 4*t + 2595 = 2*q, q + 4*t = 2555. What is the thousands digit of q?
2
Let d = 639 + -270. What is the tens digit of d?
6
Let o be 2/9 - 424/(-36). Suppose -3*p + 3*t = -6, -4*t - o = -3*p - 2. What is the tens digit of 12/(-1 - p) + 3?
1
Let u(n) be the second derivative of n**4/12 + 5*n**3/3 - n**2/2 - 7*n. What is the units digit of u(-13)?
8
Let k(t) = t**3 - 15*t**2 - 32*t + 19. Let a be k(17). Let f = a + -23. What is the units digit of f?
0
Let a(x) = -x**3 + 3*x**2 + 4. Let l be a(3). Suppose -k = -l*k + 237. Suppose 2*i - k = -21. What is the units digit of i?
9
What is the tens digit of (1254/55)/(2/75)?
5
Suppose 23*c - 17540 + 7006 = 0. What is the hundreds digit of c?
4
Let o(k) = 2. Let z(f) = 39*f + 3. Let v(t) = 5*o(t) - z(t). What is the hundreds digit of v(-4)?
1
Let r(d) = -9*d**3 + 4*d**2 + 3*d - 8. What is the thousands digit of r(-5)?
1
Let h(v) = 10*v**2 - 4*v + 79. What is the units digit of h(-19)?
5
Let u(m) = m**2. Let v(o) = 4*o**2 + 3*o + 4. Suppose b + 3 = 4*b, 3*r = -5*b + 2. Let i(x) = r*v(x) + 5*u(x). What is the tens digit of i(7)?
2
Suppose 0 = 21*y - 33*y + 11772. What is the units digit of y?
1
What is the hundreds digit of (5 + -523)/(-3 + 1 + 0)?
2
Let j(y) = -y**3 - 31. Let q(h) = -52 + 0*h**3 - 4*h**3 - 104. Let d(g) = 14*j(g) - 3*q(g). What is the units digit of d(0)?
4
Let y(k) = k + 3. Let o be y(6). Let i be 1/(-2 + 1) - -4. What is the units digit of (5/i)/(o/81)?
5
Suppose 4*k - 34 = -4*m - 10, -k + 16 = 3*m. Suppose j - 59 = -3*q + q, -4*j = -m*q - 236. Suppose -3*b + 55 = -j. What is the units digit of b?
8
Let z = -42 + 87. Suppose 4*r = 2*r - 8. What is the units digit of z - (-1 + (r - -4))?
6
What is the units digit of 8/(-2)*(70401/12)/(-31)?
7
Suppose -2*r + 3*r - 19 = -3*o, 0 = 2*o - 3*r - 20. Suppose -3*t = -98 - o. What is the tens digit of t?
3
Let n be 35/(-10)*(-95 + 1 + 2). Suppose 3*i + 5*r = 362, 3*i - 7*r - n = -2*r. What is the tens digit of i?
1
Let s = 76 - 2. What is the units digit of s?
4
Let i(c) = c**2 - 7*c + 1. Let r be i(7). Suppose -4*g = -18 - 10. What is the tens digit of 292/14 + r/g?
2
Suppose 46*i - 49*i = -1569. What is the units digit of i?
3
Let p be (3 - (-2)/(-2)) + 138. Let t = -1 - -4. Suppose -p = -t*o - 44. What is the units digit of o?
2
Suppose 2*i + 126 = 30. Let m = -25 - i. What is the units digit of m?
3
Suppose 210 = 5*x - 4*x. Let h be 55/10 + 1/(-2). Suppose -4*f - 6*g + 4*g = -x, h*f = -g + 261. What is the units digit of f?
2
Let x = 234 + 2371. What is the units digit of x?
5
Let j(c) = 2*c**3 - 5*c**2 + 2*c + 2. Let y be j(4). Suppose g = 56 + y. What is the tens digit of g?
1
Let c be (20/25)/(8/20). Suppose 0 = -3*w - 2*k - 5, 2*k + c*k = -2*w - 6. What is the units digit of ((-12)/30)/(w/80